{"id":1002,"date":"2014-10-09T18:20:13","date_gmt":"2014-10-09T15:20:13","guid":{"rendered":"http:\/\/westeastinstitute.com\/journals\/?page_id=1002"},"modified":"2017-11-13T09:10:20","modified_gmt":"2017-11-13T14:10:20","slug":"wejss-august-2014","status":"publish","type":"page","link":"https:\/\/westeastinstitute.com\/journals\/wejss\/wejss-august-2014\/","title":{"rendered":"WEJSS-August-2014"},"content":{"rendered":"<div style=\"text-align: center;\">\n<h2 style=\"text-align: center;\"><span style=\"color: #993300;\">West East Journal of Social Sciences<\/span><\/h2>\n<address>ISSN 2168-7315 (Online) USA<\/address>\n<address>Vol 3, No 2 (August 2014)<\/address>\n<\/div>\n<p>Table of Contents<\/p>\n<p>Articles<\/p>\n<table border=\"0\" width=\"100%\" cellpadding=\"0\">\n<tbody>\n<tr>\n<td valign=\"top\" width=\"626\"><a href=\"http:\/\/westeastinstitute.com\/journals\/wp-content\/uploads\/2014\/10\/1FatemaChristine-and-Liza.pdf\">Ethical Challenges: Research On Intimate Partner Violence Experiences Of Pregnant Immigrant Women<\/a><\/td>\n<td valign=\"top\" width=\"267\">\n<p align=\"right\"><a href=\"http:\/\/westeastinstitute.com\/journals\/wp-content\/uploads\/2014\/10\/1FatemaChristine-and-Liza.pdf\">PDF<\/a><\/p>\n<\/td>\n<\/tr>\n<tr>\n<td valign=\"top\"><em>Fatema Begum, Christine A. Walsh, Liza Lorenzetti<\/em><\/td>\n<td valign=\"top\">\n<p align=\"right\">1-9<\/p>\n<\/td>\n<\/tr>\n<\/tbody>\n<\/table>\n<table border=\"0\" width=\"100%\" cellpadding=\"0\">\n<tbody>\n<tr>\n<td valign=\"top\" width=\"626\"><a href=\"http:\/\/westeastinstitute.com\/journals\/wp-content\/uploads\/2014\/10\/2Rahmat-Ghazali.pdf\">Sexual Exploitation Via Online Public Chatrooms<\/a><\/td>\n<td valign=\"top\" width=\"267\">\n<p align=\"right\"><a href=\"http:\/\/westeastinstitute.com\/journals\/wp-content\/uploads\/2014\/10\/2Rahmat-Ghazali.pdf\">PDF<\/a><a href=\"http:\/\/www.westeastinstitute.com\/journals\/wp-content\/uploads\/2013\/04\/2-John-Taskinsoy-Second-paper-Ready1.pdf\">\u00a0<\/a><\/p>\n<\/td>\n<\/tr>\n<tr>\n<td valign=\"top\"><em>Rahmat Ghazali, Abdullah Ali Alisiri, Nurrianti Jaalli<\/em><\/td>\n<td valign=\"top\">\n<p align=\"right\">10-20<\/p>\n<\/td>\n<\/tr>\n<\/tbody>\n<\/table>\n<table border=\"0\" width=\"100%\" cellpadding=\"0\">\n<tbody>\n<tr>\n<td valign=\"top\" width=\"626\"><a href=\"http:\/\/westeastinstitute.com\/journals\/wp-content\/uploads\/2014\/10\/3Vildane-\u00d6zkan.pdf\">How Is Turkey Positioned In Russian Anti-Western Policies?<\/a><\/td>\n<td valign=\"top\" width=\"267\">\n<p align=\"right\"><a href=\"http:\/\/westeastinstitute.com\/journals\/wp-content\/uploads\/2014\/10\/3Vildane-\u00d6zkan.pdf\">PDF<\/a><\/p>\n<\/td>\n<\/tr>\n<tr>\n<td valign=\"top\"><em>Vildane \u00d6zkan (Vildane Shabanova Alieva),\u00a0<\/em><em>Artum Dinc (Hossein Ahmadian Dishkedouki)<\/em><\/td>\n<td valign=\"top\">\n<p align=\"right\">21-35<\/p>\n<\/td>\n<\/tr>\n<\/tbody>\n<\/table>\n<table border=\"0\" width=\"100%\" cellpadding=\"0\">\n<tbody>\n<tr>\n<td valign=\"top\" width=\"626\"><a href=\"http:\/\/westeastinstitute.com\/journals\/wp-content\/uploads\/2014\/10\/4Karabayeva-Kamilya.pdf\">Balancing ICT With The Face\u2013To\u2013Face\u00a0Interaction In The EFL Classroom: Teachers\u2019 Perspective<\/a><\/td>\n<td valign=\"top\" width=\"267\">\n<p align=\"right\"><a href=\"http:\/\/westeastinstitute.com\/journals\/wp-content\/uploads\/2014\/10\/4Karabayeva-Kamilya.pdf\">PDF<\/a><\/p>\n<\/td>\n<\/tr>\n<tr>\n<td valign=\"top\"><em>Kamilya Karabayeva<\/em><\/td>\n<td valign=\"top\">\n<p align=\"right\">36-39<\/p>\n<\/td>\n<\/tr>\n<\/tbody>\n<\/table>\n<table border=\"0\" width=\"100%\" cellpadding=\"0\">\n<tbody>\n<tr>\n<td valign=\"top\" width=\"626\"><a href=\"http:\/\/westeastinstitute.com\/journals\/wp-content\/uploads\/2014\/10\/5Chinyere-C-Esimone.pdf\">Music: Pathway To Easy Learning In Early Childhood Education<\/a><\/td>\n<td valign=\"top\" width=\"267\">\n<p align=\"right\"><a href=\"http:\/\/westeastinstitute.com\/journals\/wp-content\/uploads\/2014\/10\/5Chinyere-C-Esimone.pdf\">PDF<\/a><\/p>\n<\/td>\n<\/tr>\n<tr>\n<td valign=\"top\"><em>Esimone, Chinyere Celestina, Onuora-Oguno, Nnamdi Chiedu,\u00a0Ojukwu, Ebele Veronica<\/em><\/td>\n<td valign=\"top\">\n<p align=\"right\">40-47<\/p>\n<\/td>\n<\/tr>\n<\/tbody>\n<\/table>\n<table border=\"0\" width=\"100%\" cellpadding=\"0\">\n<tbody>\n<tr>\n<td valign=\"top\" width=\"626\"><a href=\"http:\/\/westeastinstitute.com\/journals\/wp-content\/uploads\/2014\/10\/6Tunca-Ozkisi.pdf\">On Perception Of Modernization And Culture\/Civilization In The Process Of Transition From Ottoman State To Republican Turkey<\/a><\/td>\n<td valign=\"top\" width=\"267\">\n<p align=\"right\"><a href=\"http:\/\/westeastinstitute.com\/journals\/wp-content\/uploads\/2014\/10\/6Tunca-Ozkisi.pdf\">PDF<\/a><\/p>\n<\/td>\n<\/tr>\n<tr>\n<td valign=\"top\"><em>Tunca\u00a0\u00d6ZG\u0130\u015e\u0130<\/em><\/td>\n<td valign=\"top\">\n<p align=\"right\">48-55<\/p>\n<\/td>\n<\/tr>\n<\/tbody>\n<\/table>\n<table border=\"0\" width=\"100%\" cellpadding=\"0\">\n<tbody>\n<tr>\n<td valign=\"top\" width=\"626\"><a href=\"http:\/\/westeastinstitute.com\/journals\/wp-content\/uploads\/2014\/10\/7Maleerat-and-Sarjit.pdf\">Argumentative Writing Difficulties Of Thai English Major Students<\/a><\/td>\n<td valign=\"top\" width=\"267\">\n<p align=\"right\"><a href=\"http:\/\/westeastinstitute.com\/journals\/wp-content\/uploads\/2014\/10\/7Maleerat-and-Sarjit.pdf\">PDF<\/a><\/p>\n<\/td>\n<\/tr>\n<tr>\n<td valign=\"top\"><em>Maleerat Ka-kan-dee,\u00a0Sarjit Kaur\u00a0<\/em><\/td>\n<td valign=\"top\">\n<p align=\"right\">56-70<\/p>\n<\/td>\n<\/tr>\n<\/tbody>\n<\/table>\n<p>&nbsp;<\/p>\n","protected":false},"excerpt":{"rendered":"<p>West East Journal of Social Sciences ISSN 2168-7315 (Online) USA Vol 3, No 2 (August 2014) Table of Contents Articles Ethical Challenges: Research On Intimate Partner Violence Experiences Of Pregnant Immigrant Women PDF Fatema Begum, Christine A. Walsh, Liza Lorenzetti &hellip; <a class=\"more-link\" href=\"https:\/\/westeastinstitute.com\/journals\/wejss\/wejss-august-2014\/\">Continue reading <span class=\"meta-nav\">&rarr;<\/span><\/a><\/p>\n","protected":false},"author":2,"featured_media":0,"parent":78,"menu_order":0,"comment_status":"closed","ping_status":"closed","template":"","meta":{"footnotes":""},"class_list":["post-1002","page","type-page","status-publish","hentry"],"_links":{"self":[{"href":"https:\/\/westeastinstitute.com\/journals\/wp-json\/wp\/v2\/pages\/1002","targetHints":{"allow":["GET"]}}],"collection":[{"href":"https:\/\/westeastinstitute.com\/journals\/wp-json\/wp\/v2\/pages"}],"about":[{"href":"https:\/\/westeastinstitute.com\/journals\/wp-json\/wp\/v2\/types\/page"}],"author":[{"embeddable":true,"href":"https:\/\/westeastinstitute.com\/journals\/wp-json\/wp\/v2\/users\/2"}],"replies":[{"embeddable":true,"href":"https:\/\/westeastinstitute.com\/journals\/wp-json\/wp\/v2\/comments?post=1002"}],"version-history":[{"count":21,"href":"https:\/\/westeastinstitute.com\/journals\/wp-json\/wp\/v2\/pages\/1002\/revisions"}],"predecessor-version":[{"id":1367,"href":"https:\/\/westeastinstitute.com\/journals\/wp-json\/wp\/v2\/pages\/1002\/revisions\/1367"}],"up":[{"embeddable":true,"href":"https:\/\/westeastinstitute.com\/journals\/wp-json\/wp\/v2\/pages\/78"}],"wp:attachment":[{"href":"https:\/\/westeastinstitute.com\/journals\/wp-json\/wp\/v2\/media?parent=1002"}],"curies":[{"name":"wp","href":"https:\/\/api.w.org\/{rel}","templated":true}]}}